or of 336 and 92988?
84
What is the highest common factor of 225 and 12735?
45
What is the highest common factor of 3629 and 48896?
191
Calculate the highest common divisor of 171 and 20754.
9
What is the highest common factor of 8091 and 43803?
279
Calculate the highest common divisor of 270 and 40435.
5
Calculate the highest common factor of 313 and 16.
1
What is the greatest common divisor of 13395 and 735?
15
Calculate the highest common divisor of 296595 and 135.
135
Calculate the greatest common divisor of 24489 and 1035.
9
What is the greatest common divisor of 33 and 32784?
3
Calculate the highest common factor of 14950 and 2691.
299
What is the greatest common factor of 938912 and 21472?
1952
What is the greatest common divisor of 759 and 200537?
23
Calculate the highest common factor of 240 and 5528240.
80
Calculate the highest common factor of 166085 and 118.
59
What is the highest common divisor of 159316 and 8?
4
What is the highest common factor of 13974 and 294?
6
What is the highest common divisor of 243 and 743013?
81
Calculate the greatest common factor of 45628 and 88.
44
What is the highest common divisor of 1092 and 1907724?
1092
Calculate the greatest common factor of 348977 and 461.
461
What is the greatest common divisor of 47929 and 1670?
167
Calculate the greatest common divisor of 24849 and 1584.
99
Calculate the greatest common factor of 22974 and 1232.
14
What is the greatest common divisor of 579 and 789?
3
Calculate the highest common divisor of 5815 and 75.
5
Calculate the greatest common factor of 182 and 56056.
182
What is the highest common divisor of 4811620 and 220?
220
Calculate the highest common divisor of 4662 and 201798.
666
What is the greatest common divisor of 3 and 383529?
3
Calculate the greatest common factor of 158763 and 51.
51
What is the highest common divisor of 7524 and 2763?
9
Calculate the highest common divisor of 212471 and 478.
239
What is the highest common divisor of 40 and 2624?
8
What is the highest common divisor of 776 and 21916?
4
What is the highest common factor of 27 and 959391?
27
Calculate the highest common factor of 979 and 6897.
11
What is the highest common divisor of 122 and 175558?
122
Calculate the greatest common factor of 1131 and 12267.
87
What is the highest common factor of 1675 and 10921?
67
Calculate the greatest common factor of 964629 and 162.
81
Calculate the greatest common divisor of 10 and 614935.
5
Calculate the highest common factor of 212 and 812.
4
Calculate the highest common divisor of 56 and 1246.
14
Calculate the highest common divisor of 4654 and 226614.
358
What is the greatest common divisor of 287 and 21976?
41
What is the highest common divisor of 13735 and 44813?
41
What is the highest common factor of 50 and 11100?
50
Calculate the greatest common divisor of 2790 and 705126.
186
Calculate the highest common divisor of 23357 and 73.
1
What is the greatest common factor of 40149 and 351?
27
What is the highest common divisor of 266 and 96698?
14
Calculate the highest common factor of 86148 and 324.
36
What is the greatest common divisor of 42 and 2765616?
42
Calculate the highest common factor of 119 and 187510.
17
Calculate the highest common divisor of 11552 and 480.
32
Calculate the highest common divisor of 465 and 39215.
155
Calculate the highest common factor of 885 and 672069.
177
Calculate the highest common factor of 1 and 27840.
1
What is the greatest common divisor of 16794 and 6912?
54
What is the greatest common factor of 218000 and 25?
25
Calculate the greatest common divisor of 2196 and 54144.
36
Calculate the greatest common divisor of 2504947 and 772.
193
What is the highest common divisor of 72 and 628?
4
Calculate the highest common divisor of 6495 and 4155.
15
What is the greatest common factor of 3612 and 154?
14
Calculate the highest common factor of 404910 and 99.
99
What is the highest common factor of 2444200 and 100?
100
Calculate the greatest common divisor of 91 and 115193.
13
What is the highest common divisor of 72 and 254168?
8
Calculate the greatest common factor of 77180 and 454.
454
What is the highest common factor of 2042209 and 1885?
377
Calculate the greatest common divisor of 61200 and 12648.
408
Calculate the greatest common divisor of 1488 and 21084.
12
What is the highest common factor of 290 and 334834?
58
Calculate the greatest common divisor of 18 and 5375106.
18
What is the highest common factor of 360570 and 404?
202
Calculate the greatest common factor of 1261754 and 338.
338
Calculate the greatest common factor of 21 and 1996337.
7
Calculate the highest common factor of 68 and 63546.
34
Calculate the highest common factor of 45 and 90375.
15
Calculate the greatest common divisor of 4634 and 7361109.
2317
Calculate the highest common factor of 169 and 4043.
13
What is the highest common factor of 21024 and 126?
18
Calculate the highest common divisor of 247650 and 156.
78
What is the greatest common factor of 125370 and 1890?
630
What is the highest common factor of 3840 and 33440?
160
Calculate the greatest common divisor of 6252 and 240.
12
Calculate the highest common divisor of 204703 and 8033.
277
What is the highest common divisor of 124245 and 1485?
495
Calculate the highest common factor of 72 and 7554.
6
What is the highest common factor of 249634 and 1826?
22
What is the greatest common divisor of 8092 and 29308?
68
What is the greatest common divisor of 68 and 484772?
68
Calculate the greatest common divisor of 90 and 2119725.
45
Calculate the greatest common factor of 238 and 1393.
7
Calculate the highest common divisor of 2483 and 4888.
13
Calculate the highest common divisor of 5960 and 12920.
40
Calculate the highest common divisor of 8952 and 1416.
24
What is the greatest common factor of 6080185 and 155?
155
Calculate the greatest common factor of 49 and 28343.
7
Calculate the highest common factor of 945091 and 518.
259
Calculate the highest common divisor of 140 and 20820.
20
Calculate the highest common factor of 1617 and 18249.
231
What is the greatest common factor of 241747 and 22?
11
Calculate the highest common divisor of 4774 and 1386.
154
Calculate the greatest common factor of 4365 and 2310.
15
Calculate the highest common factor of 5306 and 2899729.
2653
What is the greatest common divisor of 520 and 40118?
26
Calculate the highest common factor of 53 and 98315.
53
What is the highest common divisor of 19469274 and 66?
66
What is the greatest common divisor of 48 and 1476?
12
What is the highest common factor of 196 and 36988?
28
What is the highest common factor of 8875 and 25?
25
What is the greatest common factor of 6 and 341772?
6
Calculate the highest common factor of 644 and 8022308.
644
What is the highest common factor of 300 and 800475?
75
What is the greatest common divisor of 9359 and 49000?
49
What is the highest common factor of 5790 and 3000?
30
Calculate the greatest common divisor of 21 and 945.
21
What is the greatest common factor of 1099 and 131566?
157
What is the greatest common factor of 184 and 19412?
92
What is the greatest common divisor of 6538665 and 45?
15
What is the greatest common factor of 298 and 94168?
298
Calculate the highest common divisor of 36314 and 1626.
542
What is the greatest common divisor of 1003 and 46682?
17
Calculate the greatest common divisor of 363 and 875193.
363
Calculate the greatest common divisor of 64421 and 7.
7
What is the highest common divisor of 176420 and 260?
20
What is the highest common factor of 1093510 and 30?
10
Calculate the greatest common divisor of 20998 and 12.
2
What is the highest common factor of 280 and 230?
10
Calculate the highest common divisor of 2 and 56944.
2
Calculate the greatest common factor of 1606 and 176.
22
What is the greatest common divisor of 16344 and 456?
24
Calculate the highest common divisor of 27075 and 725.
25
What is the highest common divisor of 66 and 150546?
66
Calculate the greatest common factor of 280 and 39655.
35
What is the highest common factor of 3895 and 5125?
205
Calculate the greatest common divisor of 12 and 84362.
2
Calculate the greatest common divisor of 14902 and 2.
2
Calculate the greatest common divisor of 529815 and 858.
429
Calculate th